 2) in base 5?
233103
824 (base 9) to base 11
55a
What is -11011001000011 (base 2) in base 11?
-a489
What is -a997 (base 15) in base 12?
-18951
100101110 (base 2) to base 8
456
-101120212 (base 3) to base 12
-4572
b08a (base 13) to base 6
304225
What is bb3 (base 16) in base 11?
2283
642 (base 8) to base 4
12202
What is -343043 (base 7) in base 11?
-41992
Convert -63b (base 12) to base 7.
-2441
1100111212 (base 3) to base 11
18aa9
What is -bb46 (base 13) in base 16?
-65e4
What is -206 (base 13) in base 3?
-110202
-5963 (base 10) to base 7
-23246
Convert 21332 (base 5) to base 6.
10443
What is -8027 (base 9) in base 14?
-21c5
Convert 131 (base 12) to base 11.
155
Convert -1cb8 (base 14) to base 10.
-5258
What is -3413 (base 12) in base 16?
-168f
What is -93 (base 15) in base 12?
-b6
What is -25c (base 13) in base 4?
-12133
Convert 215425 (base 6) to base 12.
a575
What is -375 (base 14) in base 2?
-1010110011
-334 (base 7) to base 15
-b7
211131 (base 5) to base 6
52333
-40b5 (base 12) to base 9
-10602
Convert -6026 (base 9) to base 12.
-2666
What is 13033 (base 8) in base 9?
7677
-2113 (base 4) to base 3
-12121
-5712 (base 10) to base 14
-2120
What is -203111 (base 4) in base 11?
-1776
111000001011100 (base 2) to base 13
10128
101101100 (base 2) to base 6
1404
What is -664e (base 16) in base 10?
-26190
What is 719 (base 10) in base 14?
395
What is -4375 (base 8) in base 10?
-2301
What is 1321312 (base 4) in base 10?
7798
Convert -310 (base 13) to base 4.
-20020
What is -1238 (base 11) in base 10?
-1614
Convert -2861 (base 15) to base 7.
-34123
165 (base 13) to base 12
190
Convert 2200 (base 9) to base 15.
730
What is -303 (base 16) in base 4?
-30003
1737 (base 11) to base 14
b46
Convert 36216 (base 8) to base 3.
210021011
What is 20200 (base 5) in base 16?
514
What is 5ca (base 13) in base 14?
523
What is -10000000100000 (base 2) in base 9?
-12247
Convert 11131 (base 8) to base 12.
2875
What is -3217 (base 10) in base 13?
-1606
1a7b (base 15) to base 5
140431
What is 200321 (base 5) in base 13?
2b65
13332 (base 4) to base 5
4020
Convert 557 (base 10) to base 13.
33b
-1756 (base 8) to base 5
-13011
Convert -65d (base 16) to base 10.
-1629
15ce (base 16) to base 10
5582
-100101 (base 3) to base 8
-375
Convert -1001011101 (base 2) to base 3.
-211102
Convert -111100100100101 (base 2) to base 13.
-11168
Convert 602 (base 15) to base 2.
10101001000
4045 (base 8) to base 2
100000100101
What is 531 (base 10) in base 2?
1000010011
Convert -1403 (base 5) to base 14.
-124
What is a471 (base 12) in base 3?
220121111
What is 57369 (base 10) in base 2?
1110000000011001
-6a1 (base 15) to base 6
-10541
Convert 30ab (base 12) to base 6.
40335
What is aa2 (base 13) in base 5?
24242
2210 (base 8) to base 4
102020
Convert 3225 (base 8) to base 16.
695
19122 (base 11) to base 9
40638
Convert -2263 (base 8) to base 13.
-717
-2213 (base 6) to base 3
-201000
-111010011 (base 2) to base 13
-29c
Convert -11112 (base 4) to base 9.
-420
What is -11210 (base 11) in base 8?
-37541
What is 2521 (base 7) in base 12?
66a
-112000122 (base 3) to base 8
-23757
111220 (base 3) to base 9
456
-8345 (base 9) to base 5
-143431
-511 (base 10) to base 5
-4021
Convert -130031 (base 4) to base 7.
-5156
-112425 (base 6) to base 8
-22701
Convert 1424 (base 9) to base 15.
4ba
111111 (base 2) to base 7
120
What is -1110000100000100 (base 2) in base 10?
-57604
Convert -48099 (base 10) to base 9.
-72873
-10243 (base 9) to base 15
-200c
What is -977 (base 11) in base 8?
-2225
1150 (base 8) to base 3
211211
-1020101221 (base 3) to base 2
-101111100100000
What is -32131322 (base 4) in base 7?
-334523
Convert 110110000000 (base 2) to base 12.
2000
-5565 (base 11) to base 9
-11045
95 (base 15) to base 13
aa
10101001110 (base 2) to base 13
806
Convert -171 (base 12) to base 4.
-3211
Convert -432 (base 16) to base 10.
-1074
Convert -11200 (base 7) to base 4.
-230122
-2100434 (base 5) to base 7
-202365
What is -106b (base 13) in base 15?
-a26
-1256 (base 9) to base 3
-1021220
What is -59a (base 13) in base 11?
-804
Convert -983 (base 10) to base 6.
-4315
-1023032 (base 4) to base 15
-165e
What is -55765 (base 8) in base 6?
-300553
Convert 1328 (base 12) to base 13.
cc8
-7385 (base 9) to base 14
-1d95
-111110101 (base 2) to base 7
-1314
What is 1111110101 (base 2) in base 3?
1101112
Convert 1b2c (base 15) to base 13.
28b3
What is -34556 (base 8) in base 13?
-68cc
Convert -3026 (base 8) to base 9.
-2121
-446 (base 9) to base 11
-303
What is 11012222 (base 3) in base 6?
22125
What is -1290 (base 10) in base 6?
-5550
Convert -69 (base 12) to base 8.
-121
What is -20a (base 15) in base 8?
-714
What is 224112 (base 5) in base 11?
6042
What is 301 (base 15) in base 2?
1010100100
6027 (base 9) to base 13
2005
10000000010 (base 2) to base 8
2002
Convert -190 (base 16) to base 15.
-1ba
What is 864 (base 9) in base 15?
321
Convert c941 (base 13) to base 2.
110110100100010
2c7 (base 15) to base 13
3a0
What is 100020002 (base 3) in base 12?
3a85
Convert -6b79 (base 16) to base 7.
-143133
What is -316 (base 11) in base 4?
-11330
What is -2a19 (base 15) in base 7?
-35211
What is -8471 (base 15) in base 9?
-42367
27e5 (base 16) to base 10
10213
What is 30657 (base 8) in base 16?
31af
Convert 1c0 (base 16) to base 5.
3243
Convert 16b87 (base 13) to base 9.
65860
Convert 210131 (base 4) to base 5.
33313
13225 (base 8) to base 5
141111
-11111000111000 (base 2) to base 10
-15928
Convert 1332023 (base 4) to base 14.
2d2b
-4407 (base 9) to base 5
-100442
100121122 (base 3) to base 14
27aa
Convert 11431 (base 5) to base 8.
1542
What is -12601 (base 7) in base 10?
-3382
What is -1011010010 (base 2) in base 9?
-882
-d6 (base 14) to base 3
-20222
-52 (base 16) to base 13
-64
4024 (base 5) to base 2
1000000010
What is 7b7 (base 12) in base 8?
2173
Convert -417 (base 11) to base 4.
-13312
What is d23 (base 14) in base 6?
15535
34402 (base 6) to base 10
4898
Convert 34332 (base 6) to base 7.
20141
What is -1204 (base 8) in base 6?
-2552
What is -17140 (base 10) in base 12?
-9b04
11712 (base 8) to base 16
13ca
1426 (base 8) to base 2
1100010110
201212 (base 4) to base 6
13542
What is -1021122200 (base 3) in base 10?
-25263
11011223 (base 4) to base 14
784b
What is 210111 (base 3) in base 15?
28a
-332 (base 11) to base 8
-616
What is 119a (base 13) in base 11?
1967
101101001011 (base 2) to base 14
10a7
-233 (base 7) to base 13
-95
447 (base 11) to base 12
387
-212001 (base 3) to base 14
-326
-a04a (base 15) to base 16
-841c
Convert -10523 (base 7) to base 12.
-165b
Convert -150a2 (base 11) to base 15.
-6523
What is 95d (base 15) in base 11?
1651
What is -c0 (base 14) in base 16?
-a8
Convert -3211011 (base 4) to base 11.
-10019
Convert -1230 (base 6) to base 12.
-216
Convert -4121 (base 10) to base 15.
-134b
5666 (base 8) to base 10
2998
What is 101112010 (base 3) in base 12?
4533
Convert 342 (base 13) to base 15.
276
-68a3 (base 14) to base 8
-43377
Convert 606 (base 12) to base 6.
4010
b8b (base 15) to base 9
3515
What is 1755 (base 8) in base 10?
1005
Convert -1017 (base 16) to base 7.
-15003
Convert -3436 (base 9) to base 3.
-10111020
-10000011011 (base 2) to base 4
-100123
-164 (base 12) to base 14
-11a
What is -516 (base 13) in base 15?
-3c9
-12010111 (base 3) to base 6
-25151
Convert 7da (base 14) to base 6.
11124
18690 (base 11) to base 4
12120002
4632 (base 8) to base 3
10101001
300212 (base 5) to base 10
9432
Convert -1b86 (base 15) to base 2.
-1011101011000
22675 (base 10) to base 15
6aba
What is 1473 (base 11) in base 6?
12435
What is 286 (base 16) in base 14?
342
Convert -12d (base 15) to base 7.
-532
4406 (base 10) to base 16
1136
26641 (base 7) to base 13
3367
What is 12c (base 15) in base 8?
413
123130 (base 4) to base 5
24011
What is 128 (base 12) in base 3?
20112
Convert 10639 (base 11) to base 7.
62632
What is 11571 (base 8) in base 2?
1001101111001
-511 (base 11) to base 15
-2b2
-103a0 (base 15) to base 11
-35723
Convert 57783 (base 9) to base 2.
1001011010010110
Convert -184 (base 15) to base 3.
-110221
-3224 (base 5) to base 9
-537
What is 39a9 (base 11) in base 16?
1451
Convert -740 (base 16) to base 8.
-3500
1818 (base 9) to base 15
62e
6042 (base 13) to base 3
200011020
What is 1113011 (base 4) in base 13